What is the tens digit of m(6)?
8
Let q(o) = 13*o - 62. Let y be q(-6). Let x = y - -140. Suppose x = -4*k - 46 + 422. What is the tens digit of k?
9
Suppose 0 = 3*s + 5*s - 32. Suppose -3*n + s*h = -1467, -3*n + 1370 = -h - 97. What is the units digit of n?
9
Let i = 45595 + -23875. What is the ten thousands digit of i?
2
Let i(z) = -282*z**3 + 3*z**2 + 6*z - 8. Let n(b) = -b**3 - b**2 + 1. Let t(d) = -i(d) - 2*n(d). What is the hundreds digit of t(1)?
2
Suppose -136 + 106 = 6*g. What is the units digit of g/5*(2 + -322 + -1)?
1
Let j(f) = -f**3 + 36*f**2 - 135*f - 79. What is the units digit of j(20)?
1
Suppose -1470004 - 807076 = -40*x - 25*x. What is the hundreds digit of x?
0
Let a = -190 - -280. Let r = a + -65. Suppose -135 = -f + r. What is the tens digit of f?
6
Suppose -3*r + 2*r = -247. Let i = -5 + 10. Suppose r = 3*k - 4*l, 2*k = -i*l + 109 + 94. What is the units digit of k?
9
Suppose -r + 4*a + 1436 = 0, 3*r + 2*r - 7204 = -4*a. Suppose -z + 350 = -3*n - n, 4*z + 4*n - r = 0. What is the hundreds digit of z?
3
Suppose 17*r - 24*r = 2982. Let f = -281 - r. Suppose 0 + f = 5*d. What is the units digit of d?
9
Let j(o) = 34*o - 3 + 28*o + 1. Let z be (-171)/(-114) - (-4)/8. What is the units digit of j(z)?
2
Suppose 2*v + 5*y = 9719, -5*v - 11*y + 16*y + 24350 = 0. What is the tens digit of v?
6
Let v(u) = -111*u**3 - 2*u**2 - 2*u - 1. Let a(s) = -20*s + 12. Let h be a(-4). Let j = h - 93. What is the tens digit of v(j)?
1
Let r(o) = -o**2 - 9*o - 16. Let k be r(-12). Let q = k - -166. Suppose 254 - q = 2*j. What is the tens digit of j?
7
Suppose 6*y - 7 - 71 = 0. Suppose -y*n - 477 = -1803. What is the units digit of n?
2
Let x(b) = b**3 + 8*b**2 + 4*b + 35. Let q be x(-8). Suppose -f - q*k + 496 + 249 = 0, 3*k = 3*f - 2295. What is the units digit of f?
0
Suppose 4*t = -0*t - 4*o + 7000, -6998 = -4*t - 5*o. Let u = t + -670. What is the thousands digit of u?
1
Let y = 755 - 781. Let s(z) = 7*z + 254. What is the units digit of s(y)?
2
Let z(h) = -h**2 - 46*h - 83. Let a be z(-2). Suppose -7646 = -a*g - 2251. What is the hundreds digit of g?
0
Let y = -63 + 62. Let k(c) = -464*c**3 - 4*c - 3. What is the tens digit of k(y)?
6
Suppose -4*d - 5*d + 625506 = 33*d. What is the thousands digit of d?
4
Suppose 2*h - 2*g = g + 79, -4*h + 173 = -g. Suppose -a - 2 = -2*a. Suppose 2*b + 224 = 5*m - a*b, 0 = -m + b + h. What is the units digit of m?
8
Suppose 23*l = 391 + 1058. Suppose -5550 = l*t - 68*t. What is the hundreds digit of t?
1
Let q(k) = 662*k + 2449. What is the tens digit of q(5)?
5
Let r = 22592 + -15768. What is the thousands digit of r?
6
Suppose 0 = -2*t - 3*l + 21936, -2*t = -57*l + 53*l - 21894. What is the units digit of t?
9
Let z(h) = -h**3 + 4*h**2 + 4*h + 7. Let s be z(5). Suppose -2*m = s*l - m - 2629, -4*m = -12. What is the tens digit of l?
1
Let y = 181 + -177. What is the hundreds digit of (-1 + y)/(-3*1/(-175))?
1
Let u be (-26)/(-39) + 7/3. Suppose -2*z - u*y = 0, 3*y - 8 = -5*z + 1. Suppose 243 = 2*i - z*w, -4*i + w + 119 = -3*i. What is the hundreds digit of i?
1
Suppose -s + 2*s - 33 = 2*o, -5*o - 4*s - 76 = 0. Let f be (o/(-24)*-185)/((-4)/6). Let b = f + 73. What is the tens digit of b?
5
Suppose -5*a = -5*u + 35170, 0 = 3*u - a + 7180 - 28274. What is the thousands digit of u?
7
Suppose 0 = -2*p - 4*h - 3546, -5334 = 4*p - p + h. Let m = p + 3166. What is the thousands digit of m?
1
Let r(n) = 3*n**3 + 29*n**2 - 11*n - 8. Let l be r(-10). Suppose -1262 = -l*y - 208. What is the hundreds digit of y?
5
Let m = 42655 + -25365. What is the thousands digit of m?
7
What is the hundreds digit of 10/(-30) + 134397/54 + 1/(-2)?
4
Let t = 1956 + -1357. Let m = -408 + t. What is the tens digit of m?
9
Suppose -3840 = 9*b - 15*b. What is the units digit of b?
0
Let i(t) = -t**3 - 11*t**2 + 14*t + 243. Let v be i(-10). Suppose 0 = r + x - 2098, -v*r + 5*x + 6539 = 245. What is the thousands digit of r?
2
Let d be (26 + (-16 - -8))/(9/12). Suppose -34*m + d*m + 6600 = 0. What is the units digit of m?
0
Let p be ((-10932)/24)/(2/(-4)). Suppose 3*m = -8*f + 3*f + p, -4*f + 1501 = 5*m. Suppose 2*x + i = -38 + 240, -3*x + m = 3*i. What is the tens digit of x?
0
Suppose 3*g - 951 = -0*g - 4*l, -4*l = -g + 333. Suppose 0 = -5*z + 79 + g. Suppose z + 195 = 5*a. What is the tens digit of a?
5
Suppose 5*j = -0*j + 25. Suppose 0 = j*x - b - 1374, 0 = 2*x + 3*x + 4*b - 1354. What is the units digit of x?
4
Let j(k) = 11*k**3 - 12*k**2 + 68*k - 53. What is the tens digit of j(11)?
8
Let x = 198 + -152. Let m(l) = 4*l + 48. What is the units digit of m(x)?
2
Let y = 135 + -142. Let x be (2*-5)/(14/y). Suppose -x*o = -o - 692. What is the hundreds digit of o?
1
Let h = 264 + -259. What is the hundreds digit of (-6 + h - 2) + 423?
4
Suppose 513 = -9*o - 27. Let w = 172 + o. What is the tens digit of w?
1
Let r be (40320/(-1200))/(3/(510/(-4))). Let v = r - 154. What is the hundreds digit of v?
2
Suppose 0 = 8*t + 35 + 373. What is the tens digit of 15799/42 - (3 - t/(-18))?
7
Let s be 171/(-6)*(-676)/39. Let m = s - 179. Suppose -m = -4*b + 237. What is the units digit of b?
8
Let j(n) = 23*n - 109. Let r = 255 - 237. What is the hundreds digit of j(r)?
3
Suppose 18 = 2*l - 4*q, 2*l + 0*q = 3*q + 16. Let g = 1737 + -880. Suppose l*x = -252 + g. What is the tens digit of x?
2
Let i = -7957 + 14782. What is the tens digit of i?
2
Let d(l) = -31*l**2 - 132*l - 1. Let v(h) = 11*h**2 + 44*h. Let q(g) = -3*d(g) - 8*v(g). What is the hundreds digit of q(-13)?
2
Let g(q) = -q**2 - 7*q - 2. Let z = 27 - 33. Let u be g(z). What is the tens digit of (15/u)/(6/(-32)*-1)?
2
Suppose 32*q + 19 = 211. Suppose -q*l + 4927 = 7*l. What is the units digit of l?
9
Suppose 11*i - 6*i = 15. Let r = 6 + i. Let j(k) = -k**3 + 10*k**2 + 4*k + 1. What is the units digit of j(r)?
8
Let h be (54 + -3)/(7/(-21)). Let k be -2*(h/6 - 2/2). Suppose 5*r - 92 = k. What is the units digit of r?
9
Let i(d) = d**3 - 5*d**2 - 22*d - 5. Let s be i(11). Let w = 683 - s. What is the hundreds digit of w?
2
Suppose -14 = -2*s - 10. Let w be 1/s*2*159. Let i = 282 - w. What is the units digit of i?
3
Let l(z) = -z**3 - 22*z**2 - 128*z - 52. What is the ten thousands digit of l(-37)?
2
Let o(a) = -13*a**2 + a. Let u be o(-1). What is the hundreds digit of -12*(6 - 5)*u?
1
Let t(d) = -86*d + 40. Let p be t(-19). Suppose 5*w + p = -4*w. What is the units digit of (w/4)/(21/(-28))?
2
Let g(m) = -m**3 - 21*m**2 - 31*m - 354. What is the hundreds digit of g(-28)?
0
Suppose 3*z + 1 + 5 = 0, 0 = q + 2*z - 104. Let i = -176 + q. Let p = 74 + i. What is the units digit of p?
6
Let t(a) = -10*a + 133. Suppose -6*s - 4*s = -20. Suppose -5*o - 3*u + 3 = 0, -o + 6*o - s = -2*u. What is the hundreds digit of t(o)?
1
Let m be 3 + (-1 - 0 - (-10)/(-5)). Suppose 4*y + 3*y - 2156 = m. What is the units digit of y?
8
Suppose -2*g = -2*g + 4*g. Suppose g*y = -4*y. Suppose 6*c - 888 = -y*c. What is the hundreds digit of c?
1
Let a(n) = 127*n**3 - 42*n**2 + 11*n - 5. What is the ten thousands digit of a(5)?
1
Let d(c) = -147*c - 42. Let q be d(-9). Suppose 0 = -88*x + 91*x - q. What is the units digit of x?
7
Let y(i) = -6 - 519*i + 528*i - i**3 - 2*i**3 + 3*i**2 - 4. What is the units digit of y(-5)?
5
Let b = 60374 - 40029. What is the tens digit of b?
4
Let s be -7 + -1 - (-26844 + -1). Suppose 13*m - s = -34*m. What is the hundreds digit of m?
5
Suppose -5*a + 474 = -14*p + 15*p, 0 = -5*p - 4*a + 2475. Suppose 3061 = 10*i - p. What is the tens digit of i?
5
Let b be (13/(-4) + 3)*(1 + -1). Suppose b = -n - 2*k - 3*k + 616, 601 = n + 2*k. What is the hundreds digit of n?
5
Suppose -5*d + 5*h = -35020, -34452 - 553 = -5*d + 2*h. What is the tens digit of d?
9
Suppose 4*w - 35 = 11*w. Let r(g) = -3*g**3 - 2*g**2 + 4*g + 34. What is the hundreds digit of r(w)?
3
Let y(j) = -j**3 + 3*j**2 + 5*j + 6. Let i be y(4). Suppose i*q = -1541 + 4531. What is the tens digit of q?
9
What is the tens digit of (74 + -4)*(-48618)/(-555)?
3
Suppose -54*l - 1435 = -59*l. Suppose 2*r = -4, c - r - l = -2*r. What is the tens digit of c?
8
Let j(q) = q**3 + 8*q**2 + 2. Let w be j(-8). Let m be w/2*((0 - -1) + 7). What is the units digit of 1 - (-12)/m*42?
4
Let u = 28 + -21. Suppose -3*z - 5*d - 146 = -u*z, -98 =